ctors of 348477?
3, 116159
List the prime factors of 157380.
2, 3, 5, 43, 61
List the prime factors of 24100248.
2, 3, 269, 3733
What are the prime factors of 17243967?
3, 13, 17, 31, 839
What are the prime factors of 275337?
3, 30593
What are the prime factors of 1373662?
2, 19, 37, 977
What are the prime factors of 2668485?
3, 5, 41, 4339
List the prime factors of 340741.
127, 2683
List the prime factors of 19210220.
2, 5, 151, 6361
List the prime factors of 19959465.
3, 5, 37, 35963
List the prime factors of 1399308.
2, 3, 29, 4021
List the prime factors of 233610.
2, 3, 5, 13, 599
What are the prime factors of 139869?
3, 15541
List the prime factors of 1681794.
2, 3, 233, 401
List the prime factors of 2435507.
29, 83983
List the prime factors of 335663.
335663
What are the prime factors of 5220808?
2, 652601
List the prime factors of 956430.
2, 3, 5, 10627
What are the prime factors of 879938?
2, 439969
What are the prime factors of 56023?
11, 463
What are the prime factors of 2244232?
2, 53, 67, 79
List the prime factors of 15933760.
2, 5, 17, 29, 101
What are the prime factors of 93440?
2, 5, 73
What are the prime factors of 3523773?
3, 11, 106781
What are the prime factors of 2590209?
3, 287801
List the prime factors of 937579.
283, 3313
List the prime factors of 961019.
239, 4021
What are the prime factors of 8220405?
3, 5, 239, 2293
What are the prime factors of 575421?
3, 7, 11, 47, 53
What are the prime factors of 1378269?
3, 51047
What are the prime factors of 555991?
613, 907
List the prime factors of 5704781.
41, 61, 2281
What are the prime factors of 33101520?
2, 3, 5, 107, 1289
List the prime factors of 1202500.
2, 5, 13, 37
List the prime factors of 1988631.
3, 24551
List the prime factors of 1724022.
2, 3, 19, 71
List the prime factors of 677073.
3, 269, 839
What are the prime factors of 4320846?
2, 3, 240047
What are the prime factors of 6755085?
3, 5, 43, 3491
List the prime factors of 3407424.
2, 3, 17747
What are the prime factors of 272173?
11, 109, 227
What are the prime factors of 1128595?
5, 13, 97, 179
List the prime factors of 4385172.
2, 3, 11, 139, 239
What are the prime factors of 334651?
334651
List the prime factors of 1054516.
2, 113, 2333
List the prime factors of 15960412.
2, 13, 31, 9901
What are the prime factors of 143760?
2, 3, 5, 599
List the prime factors of 1359836.
2, 339959
What are the prime factors of 30497412?
2, 3, 11, 231041
What are the prime factors of 39390?
2, 3, 5, 13, 101
What are the prime factors of 6228942?
2, 3, 1038157
What are the prime factors of 179682?
2, 3, 29947
What are the prime factors of 4883578?
2, 7, 348827
What are the prime factors of 2543634?
2, 3, 251, 563
List the prime factors of 235913.
269, 877
What are the prime factors of 457377?
3, 152459
List the prime factors of 258141.
3, 13, 6619
What are the prime factors of 619652?
2, 11, 14083
List the prime factors of 794069.
331, 2399
List the prime factors of 191708.
2, 11, 4357
List the prime factors of 8430669.
3, 13, 24019
List the prime factors of 14809129.
14809129
List the prime factors of 3557136.
2, 3, 11, 6737
What are the prime factors of 727496?
2, 7, 11, 1181
List the prime factors of 5967765.
3, 5, 17, 29, 269
List the prime factors of 3753455.
5, 750691
List the prime factors of 3056950.
2, 5, 13, 4703
What are the prime factors of 1795178?
2, 7, 11, 11657
What are the prime factors of 9936299?
23, 29, 14897
List the prime factors of 128836.
2, 31, 1039
What are the prime factors of 67536?
2, 3, 7, 67
What are the prime factors of 941844?
2, 3, 78487
List the prime factors of 13126461.
3, 4375487
List the prime factors of 502433.
67, 7499
List the prime factors of 2380696.
2, 523, 569
What are the prime factors of 10880816?
2, 17, 109, 367
List the prime factors of 187229.
7, 3821
List the prime factors of 479758.
2, 239879
List the prime factors of 113284.
2, 127, 223
What are the prime factors of 521316?
2, 3, 1609
List the prime factors of 221888.
2, 3467
List the prime factors of 478188.
2, 3, 37, 359
What are the prime factors of 1927573?
1927573
List the prime factors of 40953.
3, 11, 17, 73
List the prime factors of 1383.
3, 461
What are the prime factors of 305522?
2, 7, 139, 157
List the prime factors of 12776714.
2, 151, 42307
What are the prime factors of 225929?
11, 19, 23, 47
List the prime factors of 737187.
3, 11, 89, 251
List the prime factors of 15601036.
2, 11, 17, 20857
List the prime factors of 559935.
3, 5, 23, 541
List the prime factors of 4164074.
2, 2082037
List the prime factors of 3084296.
2, 385537
List the prime factors of 1068272.
2, 179, 373
What are the prime factors of 2147850?
2, 3, 5, 37, 43
What are the prime factors of 1474360?
2, 5, 29, 31, 41
What are the prime factors of 3499879?
67, 52237
List the prime factors of 254868.
2, 3, 67, 317
What are the prime factors of 3829541?
1787, 2143
List the prime factors of 499292.
2, 124823
What are the prime factors of 17283398?
2, 11, 71419
What are the prime factors of 862072?
2, 197, 547
List the prime factors of 1384198.
2, 692099
What are the prime factors of 5505544?
2, 11, 62563
What are the prime factors of 3536353?
61, 57973
What are the prime factors of 142543?
142543
List the prime factors of 894448.
2, 55903
What are the prime factors of 5045668?
2, 17, 74201
What are the prime factors of 2232129?
3, 744043
What are the prime factors of 25199?
113, 223
List the prime factors of 53141.
11, 4831
What are the prime factors of 3583200?
2, 3, 5, 1493
What are the prime factors of 1598908?
2, 399727
List the prime factors of 913833.
3, 101537
What are the prime factors of 107312?
2, 19, 353
List the prime factors of 1337984.
2, 10453
What are the prime factors of 171336?
2, 3, 11, 59
List the prime factors of 1102870.
2, 5, 29, 3803
List the prime factors of 5095955.
5, 101, 10091
List the prime factors of 1480419.
3, 103, 1597
What are the prime factors of 525665?
5, 7, 23, 653
What are the prime factors of 396581?
396581
What are the prime factors of 1795859?
13, 138143
List the prime factors of 1277774.
2, 131, 4877
What are the prime factors of 40745?
5, 29, 281
What are the prime factors of 9023259?
3, 7, 429679
List the prime factors of 204029.
7, 29147
What are the prime factors of 315799?
11, 19, 1511
List the prime factors of 161483.
7, 17, 23, 59
List the prime factors of 981559.
19, 2719
List the prime factors of 475668.
2, 3, 73, 181
What are the prime factors of 15085940?
2, 5, 754297
What are the prime factors of 35704?
2, 4463
List the prime factors of 87326.
2, 47, 929
List the prime factors of 178116.
2, 3, 14843
What are the prime factors of 755739?
3, 131, 641
What are the prime factors of 6852907?
6852907
List the prime factors of 525631.
59, 151
What are the prime factors of 404181?
3, 44909
List the prime factors of 2185087.
269, 8123
What are the prime factors of 758021?
11, 137, 503
What are the prime factors of 165800?
2, 5, 829
List the prime factors of 16580992.
2, 129539
What are the prime factors of 8536345?
5, 79, 21611
List the prime factors of 3267344.
2, 53, 3853
What are the prime factors of 7848?
2, 3, 109
List the prime factors of 89517.
3, 53, 563
What are the prime factors of 8832245?
5, 19, 239, 389
What are the prime factors of 155338?
2, 101, 769
List the prime factors of 155257.
107, 1451
List the prime factors of 1951559.
41, 47599
List the prime factors of 40553061.
3, 3037, 4451
What are the prime factors of 236574?
2, 3, 13, 337
List the prime factors of 20766.
2, 3, 3461
List the prime factors of 206513.
97, 2129
List the prime factors of 493019.
113, 4363
What are the prime factors of 1605005?
5, 29, 11069
What are the prime factors of 156256?
2, 19, 257
What are the prime factors of 1981122?
2, 3, 11, 13, 2309
List the prime factors of 7825231.
107, 73133
List the prime factors of 764219.
113, 6763
List the prime factors of 7936005.
3, 5, 7, 11, 6871
List the prime factors of 846259.
846259
List the prime factors of 537643.
19, 28297
What are the prime factors of 324307?
29, 53, 211
What are the prime factors of 8894838?
2, 3, 89, 16657
What are the prime factors of 91338?
2, 3, 13, 1171
List the prime factors of 9941971.
13, 269, 2843
What are the prime factors of 87